{"id":178,"date":"2019-01-12T19:51:27","date_gmt":"2019-01-12T19:51:27","guid":{"rendered":"http:\/\/therapiehunde-alfdorf.de\/?page_id=178"},"modified":"2019-01-12T19:58:08","modified_gmt":"2019-01-12T19:58:08","slug":"demenz","status":"publish","type":"page","link":"https:\/\/therapiehunde-alfdorf.de\/?page_id=178","title":{"rendered":"Demenz"},"content":{"rendered":"<section class=\"l-section wpb_row height_medium\"><div class=\"l-section-h i-cf\"><div class=\"g-cols vc_row via_grid cols_1 laptops-cols_inherit tablets-cols_inherit mobiles-cols_1 valign_top type_default stacking_default\"><div class=\"wpb_column vc_column_container\"><div class=\"vc_column-inner\"><div class=\"wpb_text_column\"><div class=\"wpb_wrapper\"><p><span style=\"font-size: 18pt; font-family: arial, helvetica, sans-serif;\"><strong>Einsatz bei Menschen mit Demenz<\/strong><\/span><\/p>\n<p><span style=\"font-family: arial, helvetica, sans-serif; font-size: 14pt;\">Frau M. hatte fr\u00fcher zuhause einen Hund, und freut sich sehr, wenn sie die Hunde streicheln, und f\u00fcttern darf. <\/span><\/p>\n<p><span style=\"font-family: arial, helvetica, sans-serif; font-size: 14pt;\">Dann erinnert sie sich an fr\u00fcher, und vergisst ihre Umgebung. Sie stellt sich ganz auf den Hund ein und erz\u00e4hlt ihm was sie gerade besch\u00e4ftigt und was sie denkt<strong>.<\/strong><\/span><\/p>\n<\/div><\/div><\/div><\/div><\/div><\/div><\/section>\n","protected":false},"excerpt":{"rendered":"Einsatz bei Menschen mit Demenz Frau M. hatte fr\u00fcher zuhause einen Hund, und freut sich sehr, wenn sie die Hunde streicheln, und f\u00fcttern darf. Dann erinnert sie sich an fr\u00fcher, und vergisst ihre Umgebung. Sie stellt sich ganz auf den Hund ein und erz\u00e4hlt ihm was sie gerade besch\u00e4ftigt und was sie denkt.","protected":false},"author":1,"featured_media":0,"parent":0,"menu_order":0,"comment_status":"closed","ping_status":"closed","template":"","meta":{"_acf_changed":false,"ngg_post_thumbnail":0,"footnotes":""},"class_list":["post-178","page","type-page","status-publish","hentry"],"acf":[],"jetpack_sharing_enabled":true,"_links":{"self":[{"href":"https:\/\/therapiehunde-alfdorf.de\/index.php?rest_route=\/wp\/v2\/pages\/178","targetHints":{"allow":["GET"]}}],"collection":[{"href":"https:\/\/therapiehunde-alfdorf.de\/index.php?rest_route=\/wp\/v2\/pages"}],"about":[{"href":"https:\/\/therapiehunde-alfdorf.de\/index.php?rest_route=\/wp\/v2\/types\/page"}],"author":[{"embeddable":true,"href":"https:\/\/therapiehunde-alfdorf.de\/index.php?rest_route=\/wp\/v2\/users\/1"}],"replies":[{"embeddable":true,"href":"https:\/\/therapiehunde-alfdorf.de\/index.php?rest_route=%2Fwp%2Fv2%2Fcomments&post=178"}],"version-history":[{"count":4,"href":"https:\/\/therapiehunde-alfdorf.de\/index.php?rest_route=\/wp\/v2\/pages\/178\/revisions"}],"predecessor-version":[{"id":183,"href":"https:\/\/therapiehunde-alfdorf.de\/index.php?rest_route=\/wp\/v2\/pages\/178\/revisions\/183"}],"wp:attachment":[{"href":"https:\/\/therapiehunde-alfdorf.de\/index.php?rest_route=%2Fwp%2Fv2%2Fmedia&parent=178"}],"curies":[{"name":"wp","href":"https:\/\/api.w.org\/{rel}","templated":true}]}}